 be r(11). Is o(p) prime?
False
Suppose 0 = -5*k - 2*p + 4*p + 10, 10 = 5*k + 4*p. Is k/3 - (-9580)/12 prime?
False
Let n(w) = 214899*w**2 + 108*w + 445. Is n(-4) a composite number?
False
Let h(p) = -p**3 - 21*p**2 + 2*p + 42. Let a be h(-21). Suppose -2*b - 14 = -0*b - 4*r, 3*b - 2*r + 9 = a. Is 11*(44 + -3) + (-3 - b) composite?
False
Let m(u) = -u**2 - 9*u + 16. Suppose -4*k = -3*b + k - 48, 0 = -4*k - 12. Let o be m(b). Let p = o - -667. Is p prime?
True
Let t(g) = 44*g + 64. Let i be t(10). Let w = i + -281. Is w composite?
False
Let a be 2827 - 1/1 - -5. Let y = a + -1452. Is y a prime number?
False
Suppose 12*j + 8 = 11*j, f = 3*j + 27229. Is f composite?
True
Suppose -f = 5*r - 4*r + 16, -3*r - 80 = 5*f. Let y = f - -49. Suppose 0 = 4*g - 5*g + y. Is g prime?
False
Suppose -45 = -0*m - 5*m. Suppose -10*z = -m*z - 17491. Is z a prime number?
True
Let x(u) = -37*u**3 + 5*u**2 + 6*u + 1. Suppose -24 = b - 22. Is x(b) composite?
True
Let v(j) = -2199*j + 2. Suppose 0 = 5*s + 3*a + 2*a - 45, 0 = -5*s + 2*a + 24. Let r(l) = -2*l + 1. Let c(h) = s*r(h) + v(h). Is c(-1) prime?
False
Is 3/(-51)*-2 + (-18853713)/(-153) + 4 composite?
True
Let t be (275/(-22))/((-2)/(-4)). Is (11 - (-280)/t) + (-542512)/(-10) a composite number?
False
Let w be -3*(-3 - (-556)/12). Suppose 41*j - 39*j = 638. Let o = j - w. Is o prime?
True
Let w = 117 - 61. Suppose -w*p = -51*p - 175. Suppose 0 = p*d - 31*d - 1884. Is d a composite number?
True
Suppose -18*b + 12530309 + 20101873 = 0. Is b a composite number?
True
Let n(v) be the first derivative of 11*v**2/2 + 225*v + 104. Is n(6) a composite number?
True
Let c be ((-348)/(2/1))/2. Let i = 68 - c. Let s = i - -8. Is s a composite number?
False
Let m be 3 + -6*(-6)/36. Suppose 0 = -3*a - 4*o + 6561, m*a = 3*a - 4*o + 2195. Is a a composite number?
True
Suppose -3*w - 9 - 6 = 0, 25 = 2*b - 3*w. Suppose -x + b*x = -304. Is -2*(x - 3) + 3 prime?
False
Let x(u) be the second derivative of -u**3/3 + 25*u**2/2 - 19*u. Let h be x(13). Is (1 + h + -1187)*2/(-2) prime?
True
Suppose -45*w = -4*n - 43*w + 735194, 2205549 = 12*n + 5*w. Is n composite?
False
Let k be 24/15*95/38. Suppose -5*i - 25 = 0, 0 = 4*a - k*i + 2050 - 24122. Is a prime?
False
Suppose -14*t = -1812463 + 596045. Suppose -19*g + t = -300010. Is g a composite number?
True
Suppose -218*y + 40449753 = -65085137. Is y composite?
True
Let x(l) = 358*l - 171. Let z be x(17). Suppose 8*v - 11850 = 6*v + 2*n, v + 4*n = z. Is v a composite number?
False
Is -1*180028/(-6)*(-87)/(-58) prime?
True
Suppose 3*y + 18 - 24 = 0. Suppose z = k + y*z - 2524, -10099 = -4*k - z. Suppose 314 = 5*w + 5*f - 5946, -5*f = -2*w + k. Is w prime?
False
Let i(m) = m**3 - 8*m**2 + 26*m - 27. Let c(o) = -o - 4. Let h be 2/(-7) - (-1030)/(-70). Let f be c(h). Is i(f) a prime number?
False
Let l be (-2)/(-5) - (-1228)/(-20). Let u = l - -53. Is 1363 + (4/u - (-3)/(-2)) prime?
True
Let y(b) = -b**2 + 5 + 5*b**2 + 8*b**2 - 8*b. Let i = -9175 - -9181. Is y(i) prime?
True
Let h = -329 - -435. Suppose 0 = h*y - 112*y + 23934. Is y a composite number?
False
Suppose 3*b - i = 6818, 2*i + 2281 = -29*b + 30*b. Is b a prime number?
False
Suppose 11*v = 224194 - 44641. Is v a prime number?
False
Let o(s) be the second derivative of 29/12*s**4 + 5/6*s**3 + 0 - 10*s - 5/2*s**2. Is o(-6) prime?
True
Suppose -25931*z + 25951*z - 3747980 = 0. Is z a prime number?
False
Suppose 892793 = 7*p + 3*x, -10*p + 2*x = -6*p - 510160. Is p a prime number?
True
Let d(l) = -l**3 - 18*l**2 + 9*l - 1. Let c be d(-25). Suppose -5*i + 15 = 0, -6372 = -3*x - 2*i + c. Is x a composite number?
True
Let v(n) = 2321*n - 1438. Is v(15) composite?
False
Suppose -60*k = -1643545 - 137315. Is k composite?
True
Suppose 0 = -3*b - 3*u - 0*u - 24, 2*b - 2*u - 4 = 0. Is (b + 21936/3)*(-5)/(-5) a composite number?
False
Let m(a) = 22*a**3 - 3*a**2 - 12*a + 7. Let k(c) = 21*c**3 - 3*c**2 - 11*c + 6. Let u(z) = -7*k(z) + 6*m(z). Let w be u(-3). Suppose -2*r + w = r. Is r prime?
True
Let s(g) = -6*g**3 + 8*g**2 - 232*g - 271. Is s(-45) a prime number?
True
Suppose -4*t + 885918 = -7*c, 0 = -3*c + 20 - 14. Is t a prime number?
False
Suppose -5*n - 259 + 1709 = 0. Suppose -k - g - 56 = 0, 0*g + 20 = -4*g. Let y = n - k. Is y composite?
True
Let p(q) = q**2 + 17*q + 36. Let a be p(-15). Suppose -a*l + 7*l = -z + 964, -4*z = -l - 3871. Is z a composite number?
False
Suppose -x = 16 - 40. Let m be 21/(-14)*x/9. Is (m + 5560/(-15))*6/(-4) a prime number?
False
Let h(o) = 83*o**2 - 28*o + 239. Is h(12) composite?
True
Let q = -15728 - -29539. Suppose 0 = 2*m + 3321 - q. Is m composite?
True
Let a = 725 + -1113. Let b = a + 757. Let x = 1076 - b. Is x a prime number?
False
Let f be (-4 - (1 + 0))/((-7)/7). Suppose -4*n - 1621 = -f*u, -u + 3*u - 652 = -2*n. Suppose -854 = -t + s, 5*t = s + u + 3941. Is t composite?
False
Let u(o) = 166*o**2 + 5*o + 15. Let h be u(-8). Suppose -89048 = -7*t - h. Is t composite?
True
Suppose -4*a + 3*a = -4*y - 149531, -4*a = 5*y - 597998. Is a composite?
True
Suppose 5*l + 1 + 11 = -4*j, 3*l + j + 3 = 0. Suppose 2*b = y + 3*b - 13, l = -2*y + 4*b + 20. Suppose w + y = 305. Is w prime?
True
Suppose 10*x - 3*x - 9079 = 0. Let f = -300 + x. Is f a prime number?
True
Suppose 18*y = 15*y. Suppose 9*r + 4*r + 221 = y. Let q(b) = -126*b + 19. Is q(r) composite?
False
Let g(w) = -266*w + 73 - 23 + 47 + 38 + 1120*w. Is g(5) a prime number?
False
Let m(g) = 6*g**3 + 5*g + 5. Let r be m(-1). Let z(b) = -209*b + 3. Is z(r) prime?
False
Suppose -3*y + 3*v = 1938, -5*v = -2*y + 5*y + 1906. Let o = -8 + -13. Is y/o + 9/21 composite?
False
Suppose 14 - 6 = -4*c + y, 0 = c + y - 3. Is (-2 - 12/c)/((-50)/(-85825)) a prime number?
False
Let i(p) = 3*p + 23. Let t be i(-6). Suppose -5*k + 4*r + 10 = 0, 3*k - t*r - 4 = 2. Suppose -8 = 4*m, m = k*l + 5*m - 318. Is l prime?
True
Is -2*((-3111610)/20 + 4) prime?
True
Let r(m) = 30*m**2 - 3*m - 16. Let c = 527 + -510. Is r(c) a composite number?
True
Let j be 2/(-9) - 585/(-81) - 3. Suppose -5*t + j*t + 491 = 0. Suppose 10*a + t = 11*a. Is a composite?
False
Let y(h) be the first derivative of 31*h**3/3 + 9*h**2/2 - 37*h - 135. Is y(-9) prime?
True
Let y be (-15625)/15 + 20/30. Let s = 2618 + y. Is s prime?
False
Suppose -5*k = -a, -3*k = -8*k - 5*a. Let b be (-955)/(-3) - (28/21 + k). Suppose -5*z + 4*z + 5*j = -b, 0 = -5*j - 10. Is z prime?
True
Let r(k) = k**2 + 5*k - 38. Let g be r(-9). Let p be (28/20)/(g/(-10)). Let u(v) = 7*v**3 + 8*v**2 - 5*v + 3. Is u(p) a prime number?
False
Let n be (-54)/36*(-101360)/(-12). Let r = n + 18744. Is r a prime number?
False
Suppose 21*a + 8690 = 182549. Is a composite?
True
Let x(g) = 2*g**3 - 106*g**2 + 59*g + 82. Is x(55) a prime number?
True
Let z = -10159 - -14853. Let c = z + 8565. Is c a prime number?
True
Suppose 236*z - 2040555 = 12160609 + 14538208. Is z prime?
False
Let j(o) = 20614*o + 3425. Is j(26) a composite number?
False
Let c = 288 + -291. Let n(a) = -156*a - 77. Is n(c) composite?
True
Let l = 4694 + -2414. Let b = l - -3337. Is b prime?
False
Let d = -203701 + 341528. Is d prime?
True
Let t = -21002 - -37441. Is t a prime number?
False
Suppose -2*q = -3*q + 5. Let m be (40/q)/((-2)/(-24)). Suppose -4*o + 3*j = -144, -2*j = 3*o - m + 5. Is o a composite number?
True
Suppose 0 = -2*b - 4*l + 457006, 11*l - 232253 = -b - 3723. Is b composite?
True
Let o(c) = 3*c**3 - 3*c**2 - c - 2. Let s(h) = h**3 - 3*h**2 + 3*h - 7. Let d be s(3). Let x be o(d). Suppose -x*f + f = -455. Is f prime?
False
Let h(m) = -4 + 288*m**2 - 12*m - 278*m**2 + 3*m + 8. Is h(13) prime?
False
Let a = 1 + -9. Let l be (-40)/6*(4/a - 1). Suppose l*v = 16*v - 7362. Is v composite?
True
Let b be (1 + -22676)*(-2 + 1). Suppose 0*d = -5*d + b. Is d a composite number?
True
Let i(u) = -2934*u - 19. Let g(a) = -a**3 + 9*a**2 - 7*a - 5. Let l be g(8). Suppose 7 = -l*k + 1. Is i(k) composite?
False
Let u = -265701 - -1766384. Is u a composite number?
True
Let h(t) = 4839*t**2 - 94*t + 38. Is h(-11) composite?
True
Suppose -9*q + 8 = -q. Let i be 38*9 + (7 - (5 - q)). Suppose 5*v + 5*r - i = 0, 2*v - 4*r - 168 = -0*r. Is v composite?
True
Suppose 0 = 5*v - 2*k - 413521, 0 = -5*v + 16*k - 12*k + 413517. Suppose 21*r = v + 6986. Is r prime?
True
Let c be (-46)/((-273)